191
Let c(v) = 0*v**3 + 166 + 27*v**2 - 140 - v**3 + 7*v - v. List the prime factors of c(27).
2, 47
What are the prime factors of (-68264)/(-68) + 1 + 6/51?
3, 5, 67
Suppose 5*z - 14*z = -7254. List the prime factors of z.
2, 13, 31
Let y = 16 - 14. Suppose -3*r - 3*b + b = 2, 0 = -3*r - b + y. Let n = 1 + r. What are the prime factors of n?
3
Let v = 1883 - 1685. What are the prime factors of v?
2, 3, 11
Let f = 55 - 53. Suppose -2*x = f - 34. What are the prime factors of x?
2
Let h = 35 + -40. Let a(y) = y**2 - 3*y + 17. List the prime factors of a(h).
3, 19
Suppose 2*g - 3*z = -79, 0*z + 3*z = -5*g - 229. Let s = g + 63. Let k = 9 + s. What are the prime factors of k?
2, 7
Let z = 5 + -7. Let y(u) be the third derivative of -3*u**4/8 - u**3/2 + 14*u**2. List the prime factors of y(z).
3, 5
Let t(i) = -i**3 - 15*i**2 - 29*i - 186. List the prime factors of t(-14).
2, 3
Suppose 64*i + 74132 = 107*i. What are the prime factors of i?
2, 431
Let a = 68 + 104. Suppose 5*t + 12 = -2*k + 2, -4*t = 2*k + 6. Suppose k*o - a = o. What are the prime factors of o?
43
Suppose 2*x + 6 = 10. Suppose 5*v = 3*u + 2*u + 40, 4*v - x*u = 36. List the prime factors of v.
2, 5
Let g = -7 + 21. Let y(r) = g*r - 12*r + 19*r. List the prime factors of y(1).
3, 7
Let c = -834 - -1154. List the prime factors of c.
2, 5
Let n(v) = 9*v**3 + 3*v**2 - 46*v - 14. What are the prime factors of n(8)?
2, 47
What are the prime factors of 8981*(160/35)/16?
2, 1283
Let x be (-470)/15 - 2/3. Let k = x - -97. List the prime factors of k.
5, 13
Let c(n) = -14 - 10 + 9 - 7*n. Suppose 3*r + 49 = 28. What are the prime factors of c(r)?
2, 17
Suppose d + 10 - 5 = 0. What are the prime factors of (0 + d/1)*1192/(-20)?
2, 149
Suppose -549 = -5*q + 2*c, 4*c - 741 = -5*q - 204. Suppose -3*u - 157 = -5*a + q, 0 = 5*a + 3*u - 254. List the prime factors of a.
2, 13
Let z(d) = 498*d + 135. List the prime factors of z(2).
3, 13, 29
Suppose -327*h + 314*h = -23088. List the prime factors of h.
2, 3, 37
Suppose -o + 12 = -23. Let y be -11 - -1*1/((-4)/8). Let c = o + y. What are the prime factors of c?
2, 11
Suppose 14180 = 5*l + 5*f, -4*l + f + 11724 = 395. What are the prime factors of l?
2833
Suppose -11*r = 28*r - 25467. List the prime factors of r.
653
Let t = 609 - -2154. What are the prime factors of t?
3, 307
Let d = -4 - 0. Let h be 3/6*(d + 4). List the prime factors of (h - 2)*1 - -15.
13
Let o(c) = 82*c**2 - 13*c - 22. List the prime factors of o(-7).
61, 67
Let o = -21 - -16. What are the prime factors of (-2)/((o/(-5))/(-34))?
2, 17
Suppose 4*t + 8 = 2*y - t, 0 = y - t - 7. List the prime factors of 6/y*-3 + 27.
5
Suppose -2*g + q = 5*q - 4506, -2*q = 2*g - 4512. List the prime factors of g.
3, 251
Suppose 0 = 4*t + 2*o - 38, -5*o + 40 = -t + 6*t. Suppose -89 - t = -2*m. List the prime factors of m.
2, 5
Let q be 602/26 - 3/(-117)*-6. Suppose 20*p - q*p + 657 = 0. What are the prime factors of p?
3, 73
Suppose -2*z + z + 19 = 0. Let l = z + 32. What are the prime factors of l?
3, 17
Suppose 0*h - w - 1122 = -2*h, 0 = h + 3*w - 547. What are the prime factors of h?
13, 43
Suppose -5*g + 5*l + 1107 = 4*l, g - 207 = 5*l. List the prime factors of g.
2, 3, 37
Let s(c) = -2*c + 33. Let d(u) = 12*u - 1. Let t be d(-1). What are the prime factors of s(t)?
59
Let g = 182 - 145. List the prime factors of g.
37
What are the prime factors of (-272)/24*-22*(1 + 2)?
2, 11, 17
What are the prime factors of (4/24)/(16/72096)?
751
Suppose -5*d + 2*d + c = -2920, 0 = -4*c - 16. What are the prime factors of d?
2, 3
Let l(q) = -q**3 - q**2 + q + 2. Suppose w = 5*g + 27, -3*w + 8 = -4*g - 18. Let x be l(w). What are the prime factors of 10 - x/(-12)*3?
2
Suppose 302*q - 338*q + 123804 = 0. What are the prime factors of q?
19, 181
Suppose 3*l + 3 = q - 2, 0 = 5*q + 4*l - 6. What are the prime factors of (((-16)/(-3))/(-8))/(q/(-354))?
2, 59
Let c = 19 - 23. Let a be (-14 - -2)/c - -3. List the prime factors of (3/a)/(2/116).
29
What are the prime factors of 511442/798 - (-2)/21?
641
Suppose 0*a = -a. Let o(q) be the third derivative of q**6/120 - q**4/24 + 23*q**3/6 - q**2 - 25. What are the prime factors of o(a)?
23
Let o = 14421 - 9894. List the prime factors of o.
3, 503
Let b be (68/153)/((-2)/(-9)). Suppose -b*z = 2*z - 5*g - 266, 2*g = -4. List the prime factors of z.
2
Let u(z) = -z**3 - z**2 + 5*z - 15. Let w be u(6). Let a = -159 - w. List the prime factors of a.
2, 3, 13
Let y = 354 - 220. List the prime factors of y.
2, 67
Let u(b) = -b**3 - 11*b**2 - 15*b + 1. Let d be u(-10). Suppose d*m = 55*m - 1088. What are the prime factors of m?
2, 17
Suppose 0 = 3*p + 20 + 16. Let o be ((-8)/3)/(4/p). What are the prime factors of (-56)/(-9) + o/(-36)?
2, 3
Let r(n) = 10*n**3 + 8 - 30 + 6 + 2*n**2 + 15. Let c(y) = -y + 3. Let h be c(2). What are the prime factors of r(h)?
11
Suppose -2*r + 4 = -0. Suppose k + r*g - 150 = -k, 5*g - 223 = -3*k. List the prime factors of k.
2, 19
Suppose 17*u + 4608 = 12139. What are the prime factors of u?
443
Let b(m) = m**3 + 4*m**2 - 2. Let c be b(-3). Let w(g) = -5*g - 3 + 2*g**2 + c - 2*g. What are the prime factors of w(5)?
19
Let n(m) = -6*m - 22. Let u be n(-15). Let a = 109 + u. List the prime factors of a.
3, 59
Let z be (-2 + 0 - -3) + 1. Suppose q = -c + 5*q + 61, -z*c = q - 113. What are the prime factors of c?
3, 19
Let b be 2/3 - 28/(-12). Suppose -53 = -2*s - b. Let g = s - 8. What are the prime factors of g?
17
Let o(u) = -3*u - 10. Let v(h) = 2*h - 10. Let m be v(3). Let w be o(m). Suppose -1 = -w*r + 13. List the prime factors of r.
7
Suppose 108 - 680 = 13*g. Let r(f) = 9*f**2 - 3. Let i be r(-3). Let j = i + g. What are the prime factors of j?
2, 17
Let s be (-46)/207 + 104/(-18). Let j be (-178)/s + (-19)/(-57). What are the prime factors of 182/8 + j/(-40)?
2, 11
Suppose 5*o + b + 40 = 0, 0*o = -o + 2*b + 3. What are the prime factors of (o/14)/((-1)/194)?
97
List the prime factors of (-29)/(58/12) - -5082.
2, 3, 47
Let g = 5 + -11. Let o(l) = 4 - 122*l**3 - 2*l**2 - 3*l**2 + 121*l**3. List the prime factors of o(g).
2, 5
Let c(b) = 2*b**2 + 20*b + 3. Let j be c(-10). Suppose 10*w = -3*i + 5*w + 345, j*w - 231 = -2*i. What are the prime factors of i?
2, 3, 5
Let q be (-1 + 4)/((-27)/(-90)). Suppose -q*z + 101 = -1139. What are the prime factors of z?
2, 31
Let f = 6 + 6. Suppose q = -2*h - 0*h + f, -q - 18 = -4*h. List the prime factors of h.
5
Let r be 32/4*2*(-18)/(-4). Suppose -77*p = -r*p - 385. List the prime factors of p.
7, 11
Let l(y) = 606*y + 14. What are the prime factors of l(1)?
2, 5, 31
Let p = -232 + 2637. What are the prime factors of p?
5, 13, 37
Let t be ((-12)/(-1) - (-13 - -16))*-21. Let l = 321 + t. What are the prime factors of l?
2, 3, 11
Suppose 0 = 12*m - 1751 - 2245. List the prime factors of m.
3, 37
Suppose 829 = -6*o + 5581. List the prime factors of o.
2, 3, 11
Suppose -15 = x + 5*k, x + 0 - 1 = 3*k. List the prime factors of (x/(-10))/((-2)/(-576)).
2, 3
Let x(p) = 114*p - 43. List the prime factors of x(4).
7, 59
Let j(c) = c**2 - 4*c - 3. Let i be j(5). Let p = 3 - i. Let f(l) = 6*l**3 + 3*l - 2. List the prime factors of f(p).
7
Let s = 719 + -266. What are the prime factors of s?
3, 151
Suppose -m + 5*x - 20 = 0, 3*m + 3*x + 8 = 5*x. Let c(b) = 4*b**2 + 1 - 6*b - 2*b**2 + m*b - 2*b. List the prime factors of c(8).
5, 13
List the prime factors of (-54)/(-108)*(0 + 540).
2, 3, 5
Let k = 2353 - 1293. What are the prime factors of k?
2, 5, 53
Let l(x) = -x**3 - 7*x**2 - 2*x + 8. Let u be (-2)/8*2*0. Suppose -d + u*d = 2*z + 13, 4*d + 37 = -3*z. What are the prime factors of l(d)?
2, 11
What are the prime factors of (-6352)/(-2) + 125/(-125)?
5, 127
Let i be 1 - ((-1)/1 - -1). Let j(v) = 6 - 3 + i - v - 2. List the prime factors of j(-6).
2
Let x(j) = j + 19. Let v be x(-10). Suppose -4*t - v + 1 = 0. List the prime factors of 21 + t/4*8.
17
Let k = -19 + 24. List the prime factors of 247/k + (8/20)/(-1).
7
Let f(c) = 3*c**2 + c. Let o be 4/6 + (-10)/(-3). Let x(j) = j - 5. Let d be x(o). List the prime factors of f(d).
2
What are the prime factors of -26446*(-7 + 240/35)?
2, 1889
Let b be (-2 + -1)*(-2 + 1). Suppose 4*o + o = 10, 5*r - b*o = 9. Suppose -r*v = -0*v - 21. What are the prime factors of v?
7
Su